0?
28
Let n = 27 + -16. Suppose -x - n = -2*x. What is the greatest common divisor of 99 and x?
11
Let c = 127 + -73. Let i be (-2)/(1 - (-39)/(-37)). Suppose -4*p - 1 = -i. What is the greatest common divisor of c and p?
9
Suppose -2*o + 25 = 3*o. Suppose o*f = -5*d + 70, 4*f = -d - f + 2. Calculate the greatest common divisor of 34 and d.
17
Suppose 3*g = -0*g + 3. Let w be (g + 47)/3 - -1. Suppose -2*y = 3 - w. Calculate the highest common factor of y and 77.
7
Suppose 0 = -m + 2 + 2. Let p be 104/(-2 + m) - 2. Suppose 3*c = 28 + p. Calculate the highest common factor of 13 and c.
13
Suppose 2*r - 40 = -4*f, -4*r + 4*f = f - 25. What is the highest common factor of r and 160?
10
Let s(n) = 9*n + 8. Let w(u) = -u**2 - u. Let c(z) = -s(z) - 2*w(z). Let o be c(9). Calculate the greatest common factor of 13 and o.
13
Let p(b) = -184*b. Let c be p(-2). Suppose c = 8*k - 4*k. Calculate the greatest common factor of 23 and k.
23
Suppose -1 - 11 = -4*t. Suppose t*n - 5*n + 288 = 0. Let b = -10 - -28. Calculate the greatest common factor of n and b.
18
Let g(t) be the third derivative of -1/2*t**3 + 1/6*t**4 - 2*t**2 + 0*t + 0. Let p be g(4). What is the greatest common divisor of p and 13?
13
Let k = -31 + 43. Calculate the highest common divisor of 276 and k.
12
Let g = -1 - -6. Suppose -3*q - q - y = -35, 2*q = -g*y + 31. Calculate the highest common divisor of 48 and q.
8
Let h be 2/4 + (-129)/(-6). Let a be (-4)/h + (-134)/(-11). Suppose 2*f = 7*f - 60. Calculate the highest common divisor of f and a.
12
Let n = 101 - 95. Calculate the highest common factor of 114 and n.
6
Suppose 2*g - 24 = g. Suppose -3*v = 6 - g. What is the greatest common divisor of 3 and v?
3
Suppose -236 + 668 = 4*p. Let v be 36/6*(0 + 2). Calculate the highest common divisor of v and p.
12
Let o(m) = m - 8. Let u be o(8). Suppose 3*p - 9 = -u*p. Suppose -p*q + 20 = 2*q. What is the highest common factor of 2 and q?
2
Let v be (-5)/(150/(-366)) + 2/(-10). Calculate the highest common divisor of v and 204.
12
Let q(b) = b**2 - 2*b. Let d be q(4). Let r = -7 + d. What is the greatest common factor of 1 and r?
1
Let h(f) = f**2 - 2*f + 6. Let o be h(2). Calculate the highest common divisor of o and 18.
6
Let h = -40 + 60. Let f = 235 + -120. Suppose 3*p - 185 = f. What is the greatest common divisor of p and h?
20
Let w(v) = v**3 + 7*v**2 + 6*v + 4. Let l be w(-6). Suppose 3*o = o + l. Let a = 82 + o. What is the highest common divisor of 12 and a?
12
Let l = -4 - -6. Let b = 1 - -1. Let a be -1 + b + 2 - -11. Calculate the greatest common factor of a and l.
2
Let f = 23 - 55. Let d = 10 - f. Let t = d - -21. What is the greatest common divisor of 9 and t?
9
Suppose 2*b - 4*b - 4*j = -72, -5*j - 117 = -2*b. Calculate the highest common factor of b and 23.
23
Let f = 2 + 0. Suppose -f*w + 273 = w. What is the highest common factor of 13 and w?
13
Let z(g) = -g**2 + g + 6. Let j be z(0). What is the highest common factor of j and 42?
6
Suppose 0*s + s = 7. Let z be (0 - 0)/(-1 + 0). Suppose z = 5*r, 4*r + 35 = 5*j + 3*r. What is the highest common factor of j and s?
7
Suppose 5*y - y + 12 = 0, 4*y + 18 = z. Calculate the greatest common factor of 42 and z.
6
Let g(v) = v**3 + 6*v**2 - 3*v + 7. Let m be g(-5). Let l = m - 28. Suppose -159 - 69 = -3*t. Calculate the greatest common divisor of t and l.
19
Let s(x) = 2*x - 14. Let t be s(7). Suppose -4*w - 24 + 168 = t. Calculate the greatest common factor of 90 and w.
18
Let v(t) = t**3 - 3*t + 3. Let c be v(2). Suppose -14 = -c*z + 16. Let b(s) = 2*s - 6. Let h be b(5). Calculate the greatest common factor of z and h.
2
Let i = 42 + -26. Calculate the highest common divisor of i and 112.
16
Let w be (12/30)/((-2)/(-110)). What is the highest common factor of w and 33?
11
Let x(c) = 2*c**2 - 8*c + 15. Let g(u) = u**2 - 4*u + 8. Let j(l) = -7*g(l) + 4*x(l). Let t be j(5). Calculate the greatest common factor of t and 1.
1
Let t(c) = -c**3 - 4*c**2 - 6*c - 7. Let d be t(-3). Calculate the greatest common divisor of d and 3.
1
Let g = 22 + 11. Suppose 22 = 2*n - t, 1 = -3*n + 2*t + g. What is the greatest common divisor of 108 and n?
12
Let s(m) = -7*m**3 + 3*m**2 + 5*m - 1. Let x be s(-2). What is the greatest common divisor of 513 and x?
57
Let p be 26/3 - (-4)/(-6). Let t = 3 + p. Suppose 5*z = r - 11, r + 2*z = -3*r. Calculate the greatest common divisor of t and r.
1
Let d be 0 + -2 + (-120)/(-5). Let n be d*-2*(-2)/8. What is the highest common factor of n and 99?
11
Let c be 2/14 + (-375)/(-21). What is the greatest common factor of c and 27?
9
Let h(n) = 12*n - 6. Let c be h(4). Calculate the greatest common factor of 63 and c.
21
Let h(p) = -2*p**2 + p - 25. Let t(k) = -k**2 - 1. Let b(l) = -h(l) + 3*t(l). Let i be b(0). What is the greatest common factor of 33 and i?
11
Suppose -t + 45 = -7. Calculate the highest common divisor of 156 and t.
52
Suppose 3*f + 246 = -0*f. Let s = f - -16. Let t be (9*-1)/(9/s). Calculate the greatest common factor of t and 6.
6
Let i(w) = w**3 - 10*w**2 - 11*w + 8. Let u be 2/(-9) - 303/(-27). Let z be i(u). What is the highest common factor of z and 80?
8
Suppose -f + 2 = -16. What is the greatest common divisor of 54 and f?
18
Suppose 5*w - 2*w = -3. Let r = w - 1. Let a be (-1 + 2)/(r/(-12)). What is the greatest common divisor of 4 and a?
2
Let q(r) = r**3 + 5*r**2 - 8*r + 3. Let j be q(-6). Let f be (j/(-12))/((-1)/4). Suppose f*x - x = 24. What is the highest common factor of x and 6?
6
Suppose 2*b - 79 + 24 = 5*a, -3*b - 3*a + 93 = 0. Suppose v - b = -0*o - o, 4*o + 45 = v. What is the highest common divisor of 3 and v?
3
Let w be 6/(1 - (-5)/5). What is the greatest common divisor of w and 2?
1
Suppose -828 = -l + 360. Suppose 0*d - l = -4*d. Calculate the greatest common divisor of d and 27.
27
Let k be 105/(-10)*4/(-6). Suppose -6 = 3*n - n. Let r = -2 - n. Calculate the highest common factor of k and r.
1
Let z = 64 + -30. Suppose -5*h = -76 - z. What is the highest common factor of h and 66?
22
Let w = 19 + 1. What is the highest common divisor of 30 and w?
10
Suppose -g + q = -q - 150, -2*g + 300 = -3*q. What is the greatest common factor of 15 and g?
15
Let s(g) = g**3 + 6*g**2 + 4*g - 4. Suppose 0*f - 18 = -3*f. Let l = f + -10. Let x be s(l). What is the greatest common divisor of x and 84?
12
Let n be (-53)/11 + (-6)/33. Let j be n/(30/(-4))*-15. Let q be (3 - -2)*(-28)/j. What is the greatest common divisor of q and 56?
14
Let q(h) = -4*h + 49. Let o be q(0). What is the greatest common factor of o and 14?
7
Let j = -37 + 40. What is the greatest common divisor of j and 9?
3
Suppose 2*t - 26 = -2*t - 2*l, 0 = 3*t + 5*l - 30. Let h be (-1385)/(-25) + 2/(-5). Calculate the highest common factor of t and h.
5
Let o(t) = 6*t - 2*t - t + 9. Let p be o(5). Calculate the highest common factor of 3 and p.
3
Let z(j) = 2*j**2 - 15*j + 49. Let x be z(7). Calculate the greatest common divisor of 168 and x.
42
Let f = 431 - 257. Suppose 2*c - f = -4*s, 4*c + s + 0*s = 327. Let p(g) = 2*g + 3. Let u be p(3). What is the greatest common divisor of u and c?
9
Let y(z) = -77*z. Let k be y(-1). Let d = 2 - -9. Calculate the highest common factor of d and k.
11
Suppose -5*w = -2*w - 81. Suppose 2*o - 108 = -z + w, z - 2*o - 151 = 0. Let g = -14 - -27. Calculate the greatest common factor of g and z.
13
Let n(g) = g**2 + 6. Let s be n(6). Let p be -7*(-7)/((-49)/(-6)). What is the highest common factor of s and p?
6
Let d(w) = -w**2 - 8*w - 8. Let t be d(-6). Suppose m - 64 = -m. Calculate the highest common factor of m and t.
4
Suppose -5*v + 7 = -3. Calculate the highest common factor of v and 16.
2
Let j(k) = -k**2 + 5*k - 2. Let u be j(4). Suppose 3*d - 23 = u*d. Calculate the highest common factor of 207 and d.
23
Suppose 49*f + 20 = 51*f. Let r(l) = 4*l - 2. Let k be r(3). Calculate the highest common factor of k and f.
10
Let p = 5 - 3. Suppose 0 = -m - 3*s - 1, -4*m - 5*s = 23 + p. Let y = m - -25. Calculate the greatest common divisor of 10 and y.
5
Suppose -3*z = -c + 9, -3*c + 8*c - 64 = -4*z. Calculate the highest common factor of 8 and c.
4
Let t = -10 + 15. Let o = -5 - t. Let j be (-2)/o - 896/(-20). What is the highest common divisor of j and 9?
9
Let n(k) = 4*k + 1. Let